{"id":651,"date":"2024-11-12T10:16:42","date_gmt":"2024-11-12T10:16:42","guid":{"rendered":"https:\/\/plg-log.site\/?page_id=340"},"modified":"2025-12-30T08:14:12","modified_gmt":"2025-12-30T08:14:12","slug":"air-freight","status":"publish","type":"page","link":"https:\/\/de.perfect-logistics.ch\/index.php\/air-freight\/","title":{"rendered":"Air freight"},"content":{"rendered":"\n\t<section class=\"section dark\" id=\"section_1925066334\">\n\t\t<div class=\"bg section-bg fill bg-fill  \" >\n\n\t\t\t\n\t\t\t<div class=\"section-bg-overlay absolute fill\"><\/div>\n\t\t\t\n\n\t\t<\/div>\n\n\t\t\n\n\t\t<div class=\"section-content relative\">\n\t\t\t\n\n\t<div id=\"gap-623364184\" class=\"gap-element clearfix\" style=\"display:block; height:auto;\">\n\t\t\n<style>\n#gap-623364184 {\n  padding-top: 60px;\n}\n@media (min-width:550px) {\n  #gap-623364184 {\n    padding-top: 150px;\n  }\n}\n<\/style>\n\t<\/div>\n\t\n\n<div class=\"row\"  id=\"row-46211294\">\n\n\n\t<div id=\"col-2075268701\" class=\"col medium-9 small-12 large-6\"  >\n\t\t\t\t<div class=\"col-inner\"  >\n\t\t\t\n\t\t\t\n\n\t<div id=\"gap-1000091941\" class=\"gap-element clearfix\" style=\"display:block; height:auto;\">\n\t\t\n<style>\n#gap-1000091941 {\n  padding-top: 50px;\n}\n@media (min-width:550px) {\n  #gap-1000091941 {\n    padding-top: 20px;\n  }\n}\n@media (min-width:850px) {\n  #gap-1000091941 {\n    padding-top: 120px;\n  }\n}\n<\/style>\n\t<\/div>\n\t\n\n\t<div id=\"text-4126209811\" class=\"text\">\n\t\t\n\n<h1><span style=\"font-size: 200%;\"><strong>Luftfracht<\/strong><\/span><\/h1>\n<p class=\"lead\">\u00a0<\/p>\n\t\t\n<style>\n#text-4126209811 {\n  line-height: 1.5;\n  text-align: left;\n  color: rgb(255,255,255);\n}\n#text-4126209811 > * {\n  color: rgb(255,255,255);\n}\n<\/style>\n\t<\/div>\n\t\n\n\t\t<\/div>\n\t\t\t\t\t<\/div>\n\n\t\n\n<\/div>\n\n\t\t<\/div>\n\n\t\t\n<style>\n#section_1925066334 {\n  padding-top: 30px;\n  padding-bottom: 30px;\n}\n#section_1925066334 .section-bg-overlay {\n  background-color: rgba(0, 0, 0, 0.41);\n}\n#section_1925066334 .section-bg.bg-loaded {\n  background-image: url(https:\/\/de.perfect-logistics.ch\/wp-content\/uploads\/2024\/10\/PNG-image-32.png);\n}\n<\/style>\n\t<\/section>\n\t\n\t<section class=\"section\" id=\"section_852020112\">\n\t\t<div class=\"bg section-bg fill bg-fill  bg-loaded\" >\n\n\t\t\t\n\t\t\t\n\t\t\t\n\n\t\t<\/div>\n\n\t\t\n\n\t\t<div class=\"section-content relative\">\n\t\t\t\n\n<div class=\"row\"  id=\"row-1796787249\">\n\n\n\t<div id=\"col-1905911581\" class=\"col small-12 large-12\"  >\n\t\t\t\t<div class=\"col-inner\"  >\n\t\t\t\n\t\t\t\n\n<div class=\"row row-collapse align-middle\"  id=\"row-605994468\">\n\n\n\t<div id=\"col-815728582\" class=\"col medium-5 small-12 large-4\"  >\n\t\t\t\t<div class=\"col-inner\"  >\n\t\t\t\n\t\t\t\n\n\n  <div class=\"banner has-hover\" id=\"banner-825273486\">\n          <div class=\"banner-inner fill\">\n        <div class=\"banner-bg fill\" >\n            <div class=\"bg fill bg-fill \"><\/div>\n                                    \n                    <\/div>\n\t\t\n        <div class=\"banner-layers container\">\n            <div class=\"fill banner-link\"><\/div>            \n\n   <div id=\"text-box-1402921418\" class=\"text-box banner-layer x50 md-x50 lg-x50 y50 md-y50 lg-y50 res-text\">\n                                <div class=\"text-box-content text dark\">\n              \n              <div class=\"text-inner text-center\">\n                  \n\n\n              <\/div>\n           <\/div>\n                            \n<style>\n#text-box-1402921418 {\n  width: 60%;\n}\n#text-box-1402921418 .text-box-content {\n  font-size: 100%;\n}\n@media (min-width:550px) {\n  #text-box-1402921418 {\n    width: 60%;\n  }\n}\n<\/style>\n    <\/div>\n \n\n        <\/div>\n      <\/div>\n\n            \n<style>\n#banner-825273486 {\n  padding-top: 400px;\n  background-color: rgb(244, 244, 244);\n}\n#banner-825273486 .bg.bg-loaded {\n  background-image: url(https:\/\/de.perfect-logistics.ch\/wp-content\/uploads\/2024\/11\/PNG-image-40.png);\n}\n@media (min-width:550px) {\n  #banner-825273486 {\n    padding-top: 500px;\n  }\n}\n<\/style>\n  <\/div>\n\n\n\n\t\t<\/div>\n\t\t\t\t\t<\/div>\n\n\t\n\n\t<div id=\"col-1096467707\" class=\"col team-sorted-info medium-7 small-12 large-8\"  >\n\t\t\t\t<div class=\"col-inner\"  >\n\t\t\t\n\t\t\t\n\n<h2>Luftfracht<\/h2>\n<h4 class=\"uppercase\">Professionell \u00b7 Flexibel \u00b7 Schnell \u00b7 Effizient<\/h4>\n\t<div id=\"gap-1642423005\" class=\"gap-element clearfix\" style=\"display:block; height:auto;\">\n\t\t\n<style>\n#gap-1642423005 {\n  padding-top: 20px;\n}\n<\/style>\n\t<\/div>\n\t\n\n<p data-start=\"186\" data-end=\"426\">Wir bieten professionelle, flexible, schnelle und effiziente L\u00f6sungen f\u00fcr s\u00e4mtliche Anforderungen im Bereich der Luftfracht.PLG stellt hochwertige Luftfrachtdienstleistungen f\u00fcr alle Arten von G\u00fctern und zu Destinationen weltweit bereit.Der Transport von <strong data-start=\"446\" data-end=\"545\">Hightech-Medizinger\u00e4ten, pharmazeutischen Produkten, Maschinen sowie temperaturgef\u00fchrter Fracht<\/strong> geh\u00f6rt seit vielen Jahren zu unseren Kernkompetenzen. Durch sorgf\u00e4ltige Planung, intensive Kommunikation und pr\u00e4zise Vorbereitung gew\u00e4hrleisten wir eine sichere und reibungslose Zustellung Ihrer Sendungen.<\/p>\n<div class=\"intro aos-init aos-animate\" data-aos=\"fade-up\" data-aos-duration=\"1250\">\n<div class=\"container\">\n<div id=\"post-9\" class=\"post\">\n<hr \/>\n<ul>\n<li>Einzel- und Sammelsendungen<\/li>\n<li>Ausfuhrzollabfertigung<\/li>\n<li>Zolllager \/ Gebundene Lagerhaltung<\/li>\n<li>Abhol- und Zustelldienste<\/li>\n<li>Temperaturgef\u00fchrte Fracht<\/li>\n<li>Gefahrguttransporte<\/li>\n<li>\u00dcberma\u00df- und Schwerlastsendungen<\/li>\n<\/ul>\n<\/div>\n<\/div>\n<\/div>\n<div class=\"is-divider divider clearfix\" style=\"margin-top:1.2em;margin-bottom:1.2em;max-width:100%;height:2px;background-color:&quot;rgba(0,;\"><\/div>\n\n<div class=\"row row-small\"  id=\"row-500911069\">\n\n\n\t<div id=\"col-662495730\" class=\"col medium-&quot;12&quot; small-&quot;12&quot; large-7\"  >\n\t\t\t\t<div class=\"col-inner\"  >\n\t\t\t\n\t\t\t\n\n<div class=\"social-icons follow-icons full-width text-left\" style=\"font-size:90%\"><a href=\"#\" target=\"_blank\" rel=\"noopener noreferrer nofollow\" data-label=\"Facebook\" class=\"icon plain facebook tooltip\" title=\"Follow on Facebook\" aria-label=\"Follow on Facebook\" ><i class=\"icon-facebook\" ><\/i><\/a><a href=\"#\" target=\"_blank\" rel=\"noopener noreferrer nofollow\" data-label=\"Instagram\" class=\"icon plain instagram tooltip\" title=\"Follow on Instagram\" aria-label=\"Follow on Instagram\" ><i class=\"icon-instagram\" ><\/i><\/a><a href=\"#\" data-label=\"LinkedIn\" target=\"_blank\" rel=\"noopener noreferrer nofollow\" class=\"icon plain linkedin tooltip\" title=\"Follow on LinkedIn\" aria-label=\"Follow on LinkedIn\" ><i class=\"icon-linkedin\" ><\/i><\/a><\/div>\n\n\n\t\t<\/div>\n\t\t\t\t\t<\/div>\n\n\t\n\n\t<div id=\"col-57027136\" class=\"col medium-&quot;12&quot; small-&quot;12&quot; large-5\"  >\n\t\t\t\t<div class=\"col-inner\"  >\n\t\t\t\n\t\t\t\n\n<a href=\"https:\/\/de.perfect-logistics.ch\/index.php\/services-2\" target=\"_self\" class=\"button primary lowercase expand\"  >\n  <i class=\"icon-angle-right\" aria-hidden=\"true\" ><\/i>  <span>Weitere Dienstleistungen<\/span>\n  <\/a>\n\n\n\n\t\t<\/div>\n\t\t\t\t\t<\/div>\n\n\t\n\n<\/div>\n\n\t\t<\/div>\n\t\t\t\t\n<style>\n#col-1096467707 > .col-inner {\n  padding: 40px 40px 40px 40px;\n}\n<\/style>\n\t<\/div>\n\n\t\n\n<\/div>\n\n\t\t<\/div>\n\t\t\t\t\n<style>\n#col-1905911581 > .col-inner {\n  margin: 10px 0px 10px 0px;\n}\n<\/style>\n\t<\/div>\n\n\t\n\n\n<style>\n#row-1796787249 > .col > .col-inner {\n  background-color: rgb(255,255,255);\n}\n<\/style>\n<\/div>\n\n\t\t<\/div>\n\n\t\t\n<style>\n#section_852020112 {\n  padding-top: 60px;\n  padding-bottom: 60px;\n  background-color: rgb(228, 228, 228);\n}\n<\/style>\n\t<\/section>\n\t\n\n","protected":false},"excerpt":{"rendered":"Luftfracht \u00a0 Luftfracht Professionell \u00b7 Flexibel \u00b7 Schnell \u00b7 Effizient Wir bieten professionelle, flexible, schnelle und effiziente L\u00f6sungen f\u00fcr s\u00e4mtliche Anforderungen im Bereich der Luftfracht.PLG stellt hochwertige Luftfrachtdienstleistungen f\u00fcr alle Arten von G\u00fctern und zu Destinationen weltweit bereit.Der Transport von Hightech-Medizinger\u00e4ten, pharmazeutischen Produkten, Maschinen sowie temperaturgef\u00fchrter Fracht geh\u00f6rt seit vielen Jahren zu unseren Kernkompetenzen. Durch [...]","protected":false},"author":1,"featured_media":0,"parent":0,"menu_order":0,"comment_status":"closed","ping_status":"closed","template":"elementor_header_footer","meta":{"footnotes":""},"class_list":["post-651","page","type-page","status-publish","hentry"],"_links":{"self":[{"href":"https:\/\/de.perfect-logistics.ch\/index.php\/wp-json\/wp\/v2\/pages\/651","targetHints":{"allow":["GET"]}}],"collection":[{"href":"https:\/\/de.perfect-logistics.ch\/index.php\/wp-json\/wp\/v2\/pages"}],"about":[{"href":"https:\/\/de.perfect-logistics.ch\/index.php\/wp-json\/wp\/v2\/types\/page"}],"author":[{"embeddable":true,"href":"https:\/\/de.perfect-logistics.ch\/index.php\/wp-json\/wp\/v2\/users\/1"}],"replies":[{"embeddable":true,"href":"https:\/\/de.perfect-logistics.ch\/index.php\/wp-json\/wp\/v2\/comments?post=651"}],"version-history":[{"count":3,"href":"https:\/\/de.perfect-logistics.ch\/index.php\/wp-json\/wp\/v2\/pages\/651\/revisions"}],"predecessor-version":[{"id":714,"href":"https:\/\/de.perfect-logistics.ch\/index.php\/wp-json\/wp\/v2\/pages\/651\/revisions\/714"}],"wp:attachment":[{"href":"https:\/\/de.perfect-logistics.ch\/index.php\/wp-json\/wp\/v2\/media?parent=651"}],"curies":[{"name":"wp","href":"https:\/\/api.w.org\/{rel}","templated":true}]}}

<section class="section dark" id="section_1925066334">
		<div class="bg section-bg fill bg-fill  " >

			
			<div class="section-bg-overlay absolute fill"></div>
			

		</div>

		

		<div class="section-content relative">
			

	<div id="gap-623364184" class="gap-element clearfix" style="display:block; height:auto;">
		
<style>
#gap-623364184 {
  padding-top: 60px;
}
@media (min-width:550px) {
  #gap-623364184 {
    padding-top: 150px;
  }
}
</style>
	</div>
	

<div class="row"  id="row-46211294">


	<div id="col-2075268701" class="col medium-9 small-12 large-6"  >
				<div class="col-inner"  >
			
			

	<div id="gap-1000091941" class="gap-element clearfix" style="display:block; height:auto;">
		
<style>
#gap-1000091941 {
  padding-top: 50px;
}
@media (min-width:550px) {
  #gap-1000091941 {
    padding-top: 20px;
  }
}
@media (min-width:850px) {
  #gap-1000091941 {
    padding-top: 120px;
  }
}
</style>
	</div>
	

	<div id="text-4126209811" class="text">
		

<h1><span style="font-size: 200%;"><strong>Luftfracht</strong></span></h1>
<p class="lead"> </p>
		
<style>
#text-4126209811 {
  line-height: 1.5;
  text-align: left;
  color: rgb(255,255,255);
}
#text-4126209811 > * {
  color: rgb(255,255,255);
}
</style>
	</div>
	

		</div>
					</div>

	

</div>

		</div>

		
<style>
#section_1925066334 {
  padding-top: 30px;
  padding-bottom: 30px;
}
#section_1925066334 .section-bg-overlay {
  background-color: rgba(0, 0, 0, 0.41);
}
#section_1925066334 .section-bg.bg-loaded {
  background-image: url(https://de.perfect-logistics.ch/wp-content/uploads/2024/10/PNG-image-32.png);
}
</style>
	</section>
	
	<section class="section" id="section_852020112">
		<div class="bg section-bg fill bg-fill  bg-loaded" >

			
			
			

		</div>

		

		<div class="section-content relative">
			

<div class="row"  id="row-1796787249">


	<div id="col-1905911581" class="col small-12 large-12"  >
				<div class="col-inner"  >
			
			

<div class="row row-collapse align-middle"  id="row-605994468">


	<div id="col-815728582" class="col medium-5 small-12 large-4"  >
				<div class="col-inner"  >
			
			


  <div class="banner has-hover" id="banner-825273486">
          <div class="banner-inner fill">
        <div class="banner-bg fill" >
            <div class="bg fill bg-fill "></div>
                                    
                    </div>
		
        <div class="banner-layers container">
            <div class="fill banner-link"></div>            

   <div id="text-box-1402921418" class="text-box banner-layer x50 md-x50 lg-x50 y50 md-y50 lg-y50 res-text">
                                <div class="text-box-content text dark">
              
              <div class="text-inner text-center">
                  


              </div>
           </div>
                            
<style>
#text-box-1402921418 {
  width: 60%;
}
#text-box-1402921418 .text-box-content {
  font-size: 100%;
}
@media (min-width:550px) {
  #text-box-1402921418 {
    width: 60%;
  }
}
</style>
    </div>
 

        </div>
      </div>

            
<style>
#banner-825273486 {
  padding-top: 400px;
  background-color: rgb(244, 244, 244);
}
#banner-825273486 .bg.bg-loaded {
  background-image: url(https://de.perfect-logistics.ch/wp-content/uploads/2024/11/PNG-image-40.png);
}
@media (min-width:550px) {
  #banner-825273486 {
    padding-top: 500px;
  }
}
</style>
  </div>



		</div>
					</div>

	

	<div id="col-1096467707" class="col team-sorted-info medium-7 small-12 large-8"  >
				<div class="col-inner"  >
			
			

<h2>Luftfracht</h2>
<h4 class="uppercase">Professionell · Flexibel · Schnell · Effizient</h4>
	<div id="gap-1642423005" class="gap-element clearfix" style="display:block; height:auto;">
		
<style>
#gap-1642423005 {
  padding-top: 20px;
}
</style>
	</div>
	

<p data-start="186" data-end="426">Wir bieten professionelle, flexible, schnelle und effiziente Lösungen für sämtliche Anforderungen im Bereich der Luftfracht.PLG stellt hochwertige Luftfrachtdienstleistungen für alle Arten von Gütern und zu Destinationen weltweit bereit.Der Transport von <strong data-start="446" data-end="545">Hightech-Medizingeräten, pharmazeutischen Produkten, Maschinen sowie temperaturgeführter Fracht</strong> gehört seit vielen Jahren zu unseren Kernkompetenzen. Durch sorgfältige Planung, intensive Kommunikation und präzise Vorbereitung gewährleisten wir eine sichere und reibungslose Zustellung Ihrer Sendungen.</p>
<div class="intro aos-init aos-animate" data-aos="fade-up" data-aos-duration="1250">
<div class="container">
<div id="post-9" class="post">
<hr />
<ul>
<li>Einzel- und Sammelsendungen</li>
<li>Ausfuhrzollabfertigung</li>
<li>Zolllager / Gebundene Lagerhaltung</li>
<li>Abhol- und Zustelldienste</li>
<li>Temperaturgeführte Fracht</li>
<li>Gefahrguttransporte</li>
<li>Übermaß- und Schwerlastsendungen</li>
</ul>
</div>
</div>
</div>
<div class="is-divider divider clearfix" style="margin-top:1.2em;margin-bottom:1.2em;max-width:100%;height:2px;background-color:&quot;rgba(0,;"></div>

<div class="row row-small"  id="row-500911069">


	<div id="col-662495730" class="col medium-&quot;12&quot; small-&quot;12&quot; large-7"  >
				<div class="col-inner"  >
			
			

<div class="social-icons follow-icons full-width text-left" style="font-size:90%"><a href="#" target="_blank" rel="noopener noreferrer nofollow" data-label="Facebook" class="icon plain facebook tooltip" title="Follow on Facebook" aria-label="Follow on Facebook" ><i class="icon-facebook" ></i></a><a href="#" target="_blank" rel="noopener noreferrer nofollow" data-label="Instagram" class="icon plain instagram tooltip" title="Follow on Instagram" aria-label="Follow on Instagram" ><i class="icon-instagram" ></i></a><a href="#" data-label="LinkedIn" target="_blank" rel="noopener noreferrer nofollow" class="icon plain linkedin tooltip" title="Follow on LinkedIn" aria-label="Follow on LinkedIn" ><i class="icon-linkedin" ></i></a></div>


		</div>
					</div>

	

	<div id="col-57027136" class="col medium-&quot;12&quot; small-&quot;12&quot; large-5"  >
				<div class="col-inner"  >
			
			

<a href="https://de.perfect-logistics.ch/index.php/services-2" target="_self" class="button primary lowercase expand"  >
  <i class="icon-angle-right" aria-hidden="true" ></i>  <span>Weitere Dienstleistungen</span>
  </a>



		</div>
					</div>

	

</div>

		</div>
				
<style>
#col-1096467707 > .col-inner {
  padding: 40px 40px 40px 40px;
}
</style>
	</div>

	

</div>

		</div>
				
<style>
#col-1905911581 > .col-inner {
  margin: 10px 0px 10px 0px;
}
</style>
	</div>

	


<style>
#row-1796787249 > .col > .col-inner {
  background-color: rgb(255,255,255);
}
</style>
</div>

		</div>

		
<style>
#section_852020112 {
  padding-top: 60px;
  padding-bottom: 60px;
  background-color: rgb(228, 228, 228);
}
</style>
	</section>

Luftfracht   Luftfracht Professionell · Flexibel · Schnell · Effizient Wir bieten professionelle, flexible, schnelle und effiziente Lösungen für sämtliche Anforderungen im Bereich der Luftfracht.PLG stellt hochwertige Luftfrachtdienstleistungen für alle Arten von Gütern und zu Destinationen weltweit bereit.Der Transport von Hightech-Medizingeräten, pharmazeutischen Produkten, Maschinen sowie temperaturgeführter Fracht gehört seit vielen Jahren zu unseren Kernkompetenzen. Durch [...]
