{"id":522,"date":"2024-12-07T09:17:23","date_gmt":"2024-12-07T09:17:23","guid":{"rendered":"https:\/\/plg-log.site\/?page_id=522"},"modified":"2025-12-30T08:11:12","modified_gmt":"2025-12-30T08:11:12","slug":"sea-freight","status":"publish","type":"page","link":"https:\/\/de.perfect-logistics.ch\/index.php\/sea-freight\/","title":{"rendered":"Sea Freight"},"content":{"rendered":"\n\t<section class=\"section dark\" id=\"section_1310097712\">\n\t\t<div class=\"bg section-bg fill bg-fill  \" >\n\n\t\t\t\n\t\t\t<div class=\"section-bg-overlay absolute fill\"><\/div>\n\t\t\t\n\n\t\t<\/div>\n\n\t\t\n\n\t\t<div class=\"section-content relative\">\n\t\t\t\n\n\t<div id=\"gap-1625587176\" class=\"gap-element clearfix\" style=\"display:block; height:auto;\">\n\t\t\n<style>\n#gap-1625587176 {\n  padding-top: 60px;\n}\n@media (min-width:550px) {\n  #gap-1625587176 {\n    padding-top: 150px;\n  }\n}\n<\/style>\n\t<\/div>\n\t\n\n<div class=\"row\"  id=\"row-2029291670\">\n\n\n\t<div id=\"col-1769966245\" class=\"col medium-9 small-12 large-6\"  >\n\t\t\t\t<div class=\"col-inner text-left\"  >\n\t\t\t\n\t\t\t\n\n\t<div id=\"text-4263623812\" class=\"text\">\n\t\t\n\n<h1>Seefracht<br \/>\u00a0<\/h1>\n\t\t\n<style>\n#text-4263623812 {\n  font-size: 1.85rem;\n  line-height: 1.85;\n  text-align: left;\n}\n<\/style>\n\t<\/div>\n\t\n\n\t\t<\/div>\n\t\t\t\t\t<\/div>\n\n\t\n\n<\/div>\n\t<div id=\"gap-268932937\" class=\"gap-element clearfix\" style=\"display:block; height:auto;\">\n\t\t\n<style>\n#gap-268932937 {\n  padding-top: 50px;\n}\n@media (min-width:550px) {\n  #gap-268932937 {\n    padding-top: 20px;\n  }\n}\n@media (min-width:850px) {\n  #gap-268932937 {\n    padding-top: 120px;\n  }\n}\n<\/style>\n\t<\/div>\n\t\n\n\n\t\t<\/div>\n\n\t\t\n<style>\n#section_1310097712 {\n  padding-top: 30px;\n  padding-bottom: 30px;\n}\n#section_1310097712 .section-bg-overlay {\n  background-color: rgba(0, 0, 0, 0.41);\n}\n#section_1310097712 .section-bg.bg-loaded {\n  background-image: url(https:\/\/de.perfect-logistics.ch\/wp-content\/uploads\/2024\/10\/PNG-image-28.png);\n}\n#section_1310097712 .section-bg {\n  background-position: 25% 80%;\n}\n<\/style>\n\t<\/section>\n\t\n\t<section class=\"section\" id=\"section_601714302\">\n\t\t<div class=\"bg section-bg fill bg-fill  bg-loaded\" >\n\n\t\t\t\n\t\t\t\n\t\t\t\n\n\t\t<\/div>\n\n\t\t\n\n\t\t<div class=\"section-content relative\">\n\t\t\t\n\n<div class=\"row\"  id=\"row-1505471054\">\n\n\n\t<div id=\"col-562124724\" class=\"col small-12 large-12\"  >\n\t\t\t\t<div class=\"col-inner\"  >\n\t\t\t\n\t\t\t\n\n<div class=\"row row-collapse align-middle\"  id=\"row-514082917\">\n\n\n\t<div id=\"col-2105953020\" class=\"col medium-5 small-12 large-4\"  >\n\t\t\t\t<div class=\"col-inner\"  >\n\t\t\t\n\t\t\t\n\n\n  <div class=\"banner has-hover\" id=\"banner-1373598994\">\n          <div class=\"banner-inner fill\">\n        <div class=\"banner-bg fill\" >\n            <div class=\"bg fill bg-fill \"><\/div>\n                                    \n                    <\/div>\n\t\t\n        <div class=\"banner-layers container\">\n            <div class=\"fill banner-link\"><\/div>            \n\n   <div id=\"text-box-2096618532\" class=\"text-box banner-layer x50 md-x50 lg-x50 y50 md-y50 lg-y50 res-text\">\n                                <div class=\"text-box-content text dark\">\n              \n              <div class=\"text-inner text-center\">\n                  \n\n\n              <\/div>\n           <\/div>\n                            \n<style>\n#text-box-2096618532 {\n  width: 60%;\n}\n#text-box-2096618532 .text-box-content {\n  font-size: 100%;\n}\n@media (min-width:550px) {\n  #text-box-2096618532 {\n    width: 60%;\n  }\n}\n<\/style>\n    <\/div>\n \n\n        <\/div>\n      <\/div>\n\n            \n<style>\n#banner-1373598994 {\n  padding-top: 400px;\n  background-color: rgb(244, 244, 244);\n}\n#banner-1373598994 .bg.bg-loaded {\n  background-image: url(https:\/\/de.perfect-logistics.ch\/wp-content\/uploads\/2024\/12\/AdobeStock_432176579-scaled-1-1024x384.jpeg);\n}\n@media (min-width:550px) {\n  #banner-1373598994 {\n    padding-top: 500px;\n  }\n}\n<\/style>\n  <\/div>\n\n\n\n\t\t<\/div>\n\t\t\t\t\t<\/div>\n\n\t\n\n\t<div id=\"col-476291104\" class=\"col team-sorted-info medium-7 small-12 large-8\"  >\n\t\t\t\t<div class=\"col-inner\"  >\n\t\t\t\n\t\t\t\n\n<h2 data-start=\"121\" data-end=\"137\"><strong data-start=\"124\" data-end=\"137\">Seefracht<\/strong><\/h2>\n<h6>Flexibel , Gesicherte Kapazit\u00e4ten , Ma\u00dfgeschneiderte Transporte<\/h6>\n\t<div id=\"gap-2129974159\" class=\"gap-element clearfix\" style=\"display:block; height:auto;\">\n\t\t\n<style>\n#gap-2129974159 {\n  padding-top: 20px;\n}\n<\/style>\n\t<\/div>\n\t\n\n<p data-start=\"212\" data-end=\"434\">Dank langj\u00e4hriger und vertrauensvoller Partnerschaften mit ausgew\u00e4hlten Reedereien k\u00f6nnen wir flexibel agieren, gesicherte Schiffsraumkapazit\u00e4ten anbieten und die optimale Planung f\u00fcr Ihre Seefrachtsendungen sicherstellen. Wir bieten ein breites Leistungsspektrum, darunter FCL (Full Container Load), LCL (Less than Container Load), Spezial-Equipment wie Open-Top- und Flat-Rack-Container sowie Projekttransporte, die exakt auf Ihre Anforderungen zugeschnitten sind. Ob Vorlauf zum Ladehafen oder Nachlauf ab dem Entladehafen \u2013 wir organisieren den gesamten Transportprozess zuverl\u00e4ssig und effizient f\u00fcr Sie.<\/p>\n<div class=\"is-divider divider clearfix\" style=\"margin-top:1.2em;margin-bottom:1.2em;max-width:100%;height:2px;background-color:&quot;rgba(0,;\"><\/div>\n\n<div class=\"row row-small\"  id=\"row-14877948\">\n\n\n\t<div id=\"col-1015990929\" class=\"col medium-&quot;12&quot; small-&quot;12&quot; large-7\"  >\n\t\t\t\t<div class=\"col-inner\"  >\n\t\t\t\n\t\t\t\n\n<div class=\"social-icons follow-icons full-width text-left\" style=\"font-size:90%\"><a href=\"#\" target=\"_blank\" rel=\"noopener noreferrer nofollow\" data-label=\"Facebook\" class=\"icon plain facebook tooltip\" title=\"Follow on Facebook\" aria-label=\"Follow on Facebook\" ><i class=\"icon-facebook\" ><\/i><\/a><a href=\"#\" target=\"_blank\" rel=\"noopener noreferrer nofollow\" data-label=\"Instagram\" class=\"icon plain instagram tooltip\" title=\"Follow on Instagram\" aria-label=\"Follow on Instagram\" ><i class=\"icon-instagram\" ><\/i><\/a><a href=\"#\" data-label=\"LinkedIn\" target=\"_blank\" rel=\"noopener noreferrer nofollow\" class=\"icon plain linkedin tooltip\" title=\"Follow on LinkedIn\" aria-label=\"Follow on LinkedIn\" ><i class=\"icon-linkedin\" ><\/i><\/a><\/div>\n\n\n\t\t<\/div>\n\t\t\t\t\t<\/div>\n\n\t\n\n\t<div id=\"col-1837694375\" class=\"col medium-&quot;12&quot; small-&quot;12&quot; large-5\"  >\n\t\t\t\t<div class=\"col-inner\"  >\n\t\t\t\n\t\t\t\n\n<a href=\"https:\/\/de.perfect-logistics.ch\/index.php\/services-2\" target=\"_self\" class=\"button primary lowercase expand\"  >\n  <i class=\"icon-angle-right\" aria-hidden=\"true\" ><\/i>  <span>Weitere Dienstleistungen<\/span>\n  <\/a>\n\n\n\n\t\t<\/div>\n\t\t\t\t\t<\/div>\n\n\t\n\n<\/div>\n\n\t\t<\/div>\n\t\t\t\t\n<style>\n#col-476291104 > .col-inner {\n  padding: 40px 40px 40px 40px;\n}\n<\/style>\n\t<\/div>\n\n\t\n\n<\/div>\n\n\t\t<\/div>\n\t\t\t\t\n<style>\n#col-562124724 > .col-inner {\n  margin: 10px 0px 10px 0px;\n}\n<\/style>\n\t<\/div>\n\n\t\n\n\n<style>\n#row-1505471054 > .col > .col-inner {\n  background-color: rgb(255,255,255);\n}\n<\/style>\n<\/div>\n\n\t\t<\/div>\n\n\t\t\n<style>\n#section_601714302 {\n  padding-top: 60px;\n  padding-bottom: 60px;\n  background-color: rgb(228, 228, 228);\n}\n<\/style>\n\t<\/section>\n\t\n\n","protected":false},"excerpt":{"rendered":"Seefracht\u00a0 Seefracht Flexibel , Gesicherte Kapazit\u00e4ten , Ma\u00dfgeschneiderte Transporte Dank langj\u00e4hriger und vertrauensvoller Partnerschaften mit ausgew\u00e4hlten Reedereien k\u00f6nnen wir flexibel agieren, gesicherte Schiffsraumkapazit\u00e4ten anbieten und die optimale Planung f\u00fcr Ihre Seefrachtsendungen sicherstellen. Wir bieten ein breites Leistungsspektrum, darunter FCL (Full Container Load), LCL (Less than Container Load), Spezial-Equipment wie Open-Top- und Flat-Rack-Container sowie Projekttransporte, die [...]","protected":false},"author":1,"featured_media":0,"parent":0,"menu_order":0,"comment_status":"closed","ping_status":"closed","template":"elementor_header_footer","meta":{"footnotes":""},"class_list":["post-522","page","type-page","status-publish","hentry"],"_links":{"self":[{"href":"https:\/\/de.perfect-logistics.ch\/index.php\/wp-json\/wp\/v2\/pages\/522","targetHints":{"allow":["GET"]}}],"collection":[{"href":"https:\/\/de.perfect-logistics.ch\/index.php\/wp-json\/wp\/v2\/pages"}],"about":[{"href":"https:\/\/de.perfect-logistics.ch\/index.php\/wp-json\/wp\/v2\/types\/page"}],"author":[{"embeddable":true,"href":"https:\/\/de.perfect-logistics.ch\/index.php\/wp-json\/wp\/v2\/users\/1"}],"replies":[{"embeddable":true,"href":"https:\/\/de.perfect-logistics.ch\/index.php\/wp-json\/wp\/v2\/comments?post=522"}],"version-history":[{"count":1,"href":"https:\/\/de.perfect-logistics.ch\/index.php\/wp-json\/wp\/v2\/pages\/522\/revisions"}],"predecessor-version":[{"id":711,"href":"https:\/\/de.perfect-logistics.ch\/index.php\/wp-json\/wp\/v2\/pages\/522\/revisions\/711"}],"wp:attachment":[{"href":"https:\/\/de.perfect-logistics.ch\/index.php\/wp-json\/wp\/v2\/media?parent=522"}],"curies":[{"name":"wp","href":"https:\/\/api.w.org\/{rel}","templated":true}]}}

<section class="section dark" id="section_1310097712">
		<div class="bg section-bg fill bg-fill  " >

			
			<div class="section-bg-overlay absolute fill"></div>
			

		</div>

		

		<div class="section-content relative">
			

	<div id="gap-1625587176" class="gap-element clearfix" style="display:block; height:auto;">
		
<style>
#gap-1625587176 {
  padding-top: 60px;
}
@media (min-width:550px) {
  #gap-1625587176 {
    padding-top: 150px;
  }
}
</style>
	</div>
	

<div class="row"  id="row-2029291670">


	<div id="col-1769966245" class="col medium-9 small-12 large-6"  >
				<div class="col-inner text-left"  >
			
			

	<div id="text-4263623812" class="text">
		

<h1>Seefracht<br /> </h1>
		
<style>
#text-4263623812 {
  font-size: 1.85rem;
  line-height: 1.85;
  text-align: left;
}
</style>
	</div>
	

		</div>
					</div>

	

</div>
	<div id="gap-268932937" class="gap-element clearfix" style="display:block; height:auto;">
		
<style>
#gap-268932937 {
  padding-top: 50px;
}
@media (min-width:550px) {
  #gap-268932937 {
    padding-top: 20px;
  }
}
@media (min-width:850px) {
  #gap-268932937 {
    padding-top: 120px;
  }
}
</style>
	</div>
	


		</div>

		
<style>
#section_1310097712 {
  padding-top: 30px;
  padding-bottom: 30px;
}
#section_1310097712 .section-bg-overlay {
  background-color: rgba(0, 0, 0, 0.41);
}
#section_1310097712 .section-bg.bg-loaded {
  background-image: url(https://de.perfect-logistics.ch/wp-content/uploads/2024/10/PNG-image-28.png);
}
#section_1310097712 .section-bg {
  background-position: 25% 80%;
}
</style>
	</section>
	
	<section class="section" id="section_601714302">
		<div class="bg section-bg fill bg-fill  bg-loaded" >

			
			
			

		</div>

		

		<div class="section-content relative">
			

<div class="row"  id="row-1505471054">


	<div id="col-562124724" class="col small-12 large-12"  >
				<div class="col-inner"  >
			
			

<div class="row row-collapse align-middle"  id="row-514082917">


	<div id="col-2105953020" class="col medium-5 small-12 large-4"  >
				<div class="col-inner"  >
			
			


  <div class="banner has-hover" id="banner-1373598994">
          <div class="banner-inner fill">
        <div class="banner-bg fill" >
            <div class="bg fill bg-fill "></div>
                                    
                    </div>
		
        <div class="banner-layers container">
            <div class="fill banner-link"></div>            

   <div id="text-box-2096618532" class="text-box banner-layer x50 md-x50 lg-x50 y50 md-y50 lg-y50 res-text">
                                <div class="text-box-content text dark">
              
              <div class="text-inner text-center">
                  


              </div>
           </div>
                            
<style>
#text-box-2096618532 {
  width: 60%;
}
#text-box-2096618532 .text-box-content {
  font-size: 100%;
}
@media (min-width:550px) {
  #text-box-2096618532 {
    width: 60%;
  }
}
</style>
    </div>
 

        </div>
      </div>

            
<style>
#banner-1373598994 {
  padding-top: 400px;
  background-color: rgb(244, 244, 244);
}
#banner-1373598994 .bg.bg-loaded {
  background-image: url(https://de.perfect-logistics.ch/wp-content/uploads/2024/12/AdobeStock_432176579-scaled-1-1024x384.jpeg);
}
@media (min-width:550px) {
  #banner-1373598994 {
    padding-top: 500px;
  }
}
</style>
  </div>



		</div>
					</div>

	

	<div id="col-476291104" class="col team-sorted-info medium-7 small-12 large-8"  >
				<div class="col-inner"  >
			
			

<h2 data-start="121" data-end="137"><strong data-start="124" data-end="137">Seefracht</strong></h2>
<h6>Flexibel , Gesicherte Kapazitäten , Maßgeschneiderte Transporte</h6>
	<div id="gap-2129974159" class="gap-element clearfix" style="display:block; height:auto;">
		
<style>
#gap-2129974159 {
  padding-top: 20px;
}
</style>
	</div>
	

<p data-start="212" data-end="434">Dank langjähriger und vertrauensvoller Partnerschaften mit ausgewählten Reedereien können wir flexibel agieren, gesicherte Schiffsraumkapazitäten anbieten und die optimale Planung für Ihre Seefrachtsendungen sicherstellen. Wir bieten ein breites Leistungsspektrum, darunter FCL (Full Container Load), LCL (Less than Container Load), Spezial-Equipment wie Open-Top- und Flat-Rack-Container sowie Projekttransporte, die exakt auf Ihre Anforderungen zugeschnitten sind. Ob Vorlauf zum Ladehafen oder Nachlauf ab dem Entladehafen – wir organisieren den gesamten Transportprozess zuverlässig und effizient für Sie.</p>
<div class="is-divider divider clearfix" style="margin-top:1.2em;margin-bottom:1.2em;max-width:100%;height:2px;background-color:&quot;rgba(0,;"></div>

<div class="row row-small"  id="row-14877948">


	<div id="col-1015990929" class="col medium-&quot;12&quot; small-&quot;12&quot; large-7"  >
				<div class="col-inner"  >
			
			

<div class="social-icons follow-icons full-width text-left" style="font-size:90%"><a href="#" target="_blank" rel="noopener noreferrer nofollow" data-label="Facebook" class="icon plain facebook tooltip" title="Follow on Facebook" aria-label="Follow on Facebook" ><i class="icon-facebook" ></i></a><a href="#" target="_blank" rel="noopener noreferrer nofollow" data-label="Instagram" class="icon plain instagram tooltip" title="Follow on Instagram" aria-label="Follow on Instagram" ><i class="icon-instagram" ></i></a><a href="#" data-label="LinkedIn" target="_blank" rel="noopener noreferrer nofollow" class="icon plain linkedin tooltip" title="Follow on LinkedIn" aria-label="Follow on LinkedIn" ><i class="icon-linkedin" ></i></a></div>


		</div>
					</div>

	

	<div id="col-1837694375" class="col medium-&quot;12&quot; small-&quot;12&quot; large-5"  >
				<div class="col-inner"  >
			
			

<a href="https://de.perfect-logistics.ch/index.php/services-2" target="_self" class="button primary lowercase expand"  >
  <i class="icon-angle-right" aria-hidden="true" ></i>  <span>Weitere Dienstleistungen</span>
  </a>



		</div>
					</div>

	

</div>

		</div>
				
<style>
#col-476291104 > .col-inner {
  padding: 40px 40px 40px 40px;
}
</style>
	</div>

	

</div>

		</div>
				
<style>
#col-562124724 > .col-inner {
  margin: 10px 0px 10px 0px;
}
</style>
	</div>

	


<style>
#row-1505471054 > .col > .col-inner {
  background-color: rgb(255,255,255);
}
</style>
</div>

		</div>

		
<style>
#section_601714302 {
  padding-top: 60px;
  padding-bottom: 60px;
  background-color: rgb(228, 228, 228);
}
</style>
	</section>

Seefracht  Seefracht Flexibel , Gesicherte Kapazitäten , Maßgeschneiderte Transporte Dank langjähriger und vertrauensvoller Partnerschaften mit ausgewählten Reedereien können wir flexibel agieren, gesicherte Schiffsraumkapazitäten anbieten und die optimale Planung für Ihre Seefrachtsendungen sicherstellen. Wir bieten ein breites Leistungsspektrum, darunter FCL (Full Container Load), LCL (Less than Container Load), Spezial-Equipment wie Open-Top- und Flat-Rack-Container sowie Projekttransporte, die [...]
